Suppose s*w + 9 = 6*w. Is w a prime number?
True
Is 1230/(-4)*2/(-3) a prime number?
False
Suppose 3*i - 2*i = 146. Suppose f + 33 = i. Is f composite?
False
Suppose -k = -3*y - 35, 2*k - 3*y - y - 80 = 0. Let n = 207 + k. Is n a composite number?
False
Let b = -35 - -39. Is b a composite number?
True
Let a(h) = -9*h + 6. Let w be 3 + -4 - (-2 - 8). Let k be 30/4*(-6)/w. Is a(k) composite?
True
Let i(k) = -k**2 + 13*k + 1. Is i(11) prime?
True
Let m(d) = 2*d**2 + 15*d - 25. Is m(-14) a prime number?
True
Let k = 4 + -1. Suppose -99 = k*d - 6*d. Is d composite?
True
Suppose 0 = -0*v + 2*v - 11254. Is v composite?
True
Suppose -107 = -2*u + 2999. Is u prime?
True
Suppose 7 = j - 0*j. Let s = 3 + j. Let p = 5 + s. Is p a composite number?
True
Suppose 47 - 982 = -u - 4*c, 0 = 4*c - 16. Is u prime?
True
Let m(l) = -l**3 + 14*l**2 + 11*l + 3. Is m(14) a composite number?
False
Suppose -5*z = -1446 - 979. Is z a composite number?
True
Suppose -18*p - 1930 = -18472. Is p prime?
True
Let f = 0 - -2. Suppose f*z = 5*v + 5*z - 16, 14 = 4*v + 3*z. Is (-109)/(-2) - v/(-4) prime?
False
Suppose -10*a - 541 = -11*a. Is a a composite number?
False
Suppose -3*j = 4*u + 2*j - 3503, 0 = -2*j - 2. Is u a prime number?
True
Let y(p) = 308*p + 81. Is y(7) a prime number?
True
Let n be (-4)/(-6) + 22/3. Let o = -51 - -54. Let r = n + o. Is r composite?
False
Suppose 0*w - 1 = -w. Let u = 5 + w. Is 334/u - 4/6 a prime number?
False
Suppose 4*a + v = -0*v + 319, 2*a - 5*v - 187 = 0. Let b = -44 + a. Is b composite?
False
Let p = 10 - 14. Let f(x) = x**2 + 4*x + 2. Let o be f(p). Suppose l - 9 = -5*u + 3, -2*l + o = -u. Is u a composite number?
False
Let x(j) = 1 - j + 0*j + 6. Let i be x(8). Is 15*2*i/(-2) a composite number?
True
Let k(j) = -j + 77. Let h be k(0). Suppose -7*l = -2*l - 200. Let y = h - l. Is y a prime number?
True
Is 1437/(-4)*(-16)/12 a prime number?
True
Let l(d) = -d**3 + 4*d**2 + d + 1. Let a be l(4). Suppose -2*h + 150 = a*w + 3*h, -18 = -w - 5*h. Is w a prime number?
False
Let k = 365 - 204. Is k prime?
False
Suppose 0 = -0*w - 3*w + 6. Let j(x) = 106*x - 1. Is j(w) composite?
False
Let t be -4 - -1 - (-6 - 2). Is 3 + -1 - (-42 - t) prime?
False
Let u be (-8 + 15)/((-2)/(-2)). Let r = 14 - u. Is r a prime number?
True
Let b(f) = 2*f + 17. Let i be b(-13). Is ((-318)/i)/(12/18) a prime number?
True
Let h = 632 - 447. Suppose 19*g - 36 = 10*g. Suppose -h = -g*v - v. Is v a composite number?
False
Let s(t) = -7*t**3 + t**2 + 4*t + 5. Let c be s(4). Let l = c - -690. Suppose -3*b - 3*f = f - l, 2*b - 197 = f. Is b a composite number?
False
Suppose -4*m + 19 - 5 = n, -n + 3*m = 14. Let h be n - (2 - 0)*1. Is ((-94)/(-4))/(h/(-8)) prime?
True
Let f(r) = r**2 + 0*r - 5*r - 7 - r. Let j be f(7). Suppose -c + 3*c - 28 = j. Is c composite?
True
Let w = -291 - -434. Is w a prime number?
False
Is (776/4 - 3)*1 a composite number?
False
Is 14*1986/4*7/21 a composite number?
True
Is (-1)/(2517/(-1257) - -2) prime?
True
Let i(p) be the first derivative of 14*p**3/3 - 3*p**2/2 + 4*p + 3. Let a be i(-3). Is (-1)/2 - a/(-2) composite?
True
Let t(i) = -i**2 - 10*i + 15. Let h be t(-11). Suppose 3*s - 55 = -2*s - 5*m, s - 6 = h*m. Is s a prime number?
False
Suppose -4*v = -20, 3*v - 8*v = d - 22. Is 155 - (-6)/(-2) - d composite?
True
Suppose 2*r + 501 - 2033 = 0. Let z = r + -437. Is z composite?
True
Is 10/35 + 26526/14 a composite number?
True
Suppose -6*t + 2*k = -t - 1687, 0 = -t + 5*k + 342. Is t a prime number?
True
Suppose y + 203 = 2*c + 540, 2*c - 1649 = -5*y. Is y a composite number?
False
Suppose -7*t = t - 11528. Is t composite?
True
Let k = 3 + 0. Suppose -5*r - k*j = -227, 6*j = -4*r + 4*j + 180. Is r a composite number?
False
Let j(t) = -2*t - 111. Let n be j(0). Let u = 170 + n. Is u prime?
True
Let g = 0 - -2. Suppose 0 = -j + 5 - g. Let v = j + 4. Is v composite?
False
Suppose -v = -196 - 681. Is v composite?
False
Let y be ((18/(-3))/3)/(-1). Suppose -y*h + 21 = 3*v, -5*h + 4*v - 3*v = -10. Suppose -d + h*b + 34 + 12 = 0, 0 = 5*d - 2*b - 165. Is d a prime number?
True
Let s(l) be the first derivative of -l**4/4 + 3*l**3 + 6*l**2 + 3*l + 7. Let u be 1 + -2 + 12 + -1. Is s(u) prime?
True
Let c(d) = 1151*d**3 + 2*d - 2. Is c(1) a composite number?
False
Is (-1 - 3277/(-3))*51/34 composite?
False
Let d be 12*((-3)/(-3))/1. Suppose 9*r - d*r = -249. Is r prime?
True
Let z(l) = -l**2 - 61*l - 3. Is z(-26) a prime number?
True
Let k be ((-1)/(-2))/(2/(-24)). Let v(n) = -3*n + 0 + 3 + 1. Is v(k) prime?
False
Suppose 945 = -4*v - w, w = -v + 2*v + 230. Let g = v + 66. Let k = 296 + g. Is k composite?
False
Let s(z) = 2*z**3 - 12*z**2 - 6*z + 6. Let q be s(9). Suppose -89 + 746 = 3*b - d, -2*d = 2*b - q. Is b a prime number?
False
Is -2*((-12894)/12 - 2) a prime number?
True
Let k = -42 - -113. Is k a prime number?
True
Let s(f) = f. Let z(c) = -20*c + 2. Let i(k) = 8*s(k) - z(k). Let m be i(-4). Let j = 167 + m. Is j composite?
False
Let b(v) = v**3 - v + 1151. Is b(0) composite?
False
Suppose 6 - 42 = 3*s - 4*u, 0 = 3*u - 9. Let f(z) = -4 + 3*z**3 + 4 - 2*z + 3 - 4*z**3 - 7*z**2. Is f(s) a composite number?
False
Let v = -1517 + 2224. Is v composite?
True
Let i = 119 - 54. Is i a prime number?
False
Let b(t) = t**3 + 8*t**2 + 4*t + 10. Let i = -27 - -22. Is b(i) composite?
True
Let r(z) = 2*z**3 - 2*z**2 + z. Let s be 1/(-5) + (-18)/(-15). Let c be (s + -6)*(-4)/10. Is r(c) a prime number?
False
Let n = -3856 + 5475. Is n a composite number?
False
Let b = -114 + 245. Let o = -93 + b. Is o prime?
False
Is (1 - 0)/((-9)/(-441)) prime?
False
Let y = -2 + -1. Is (0 - (y - -14))*-11 a composite number?
True
Suppose 2*v + 392 = 6*v. Suppose 232 = 5*o - i, v = -o + 3*o - 3*i. Is o a composite number?
True
Let f = -144 - -58. Let s = -51 - f. Is s composite?
True
Suppose -5*a = 3*j - 59, -5*j - a + 71 = -42. Is j a prime number?
True
Let d(j) = -j + 2. Let z be (2*1)/(5/5). Let n be d(z). Is 38/(n + (-2)/(-1)) prime?
True
Suppose -12 = -2*z + 2. Suppose 0 = -x + z. Let p(n) = 2*n**2 - 2*n - 5. Is p(x) a composite number?
False
Suppose 4*h - 13 = -m, h - 8 + 1 = -m. Suppose h*a - 373 = 4*t - a, 5*t - 3*a = -470. Is t/(-9) + (-2)/(-9) prime?
True
Let h be -1 - 1 - (231 + 7). Let u = h - -355. Is u a composite number?
True
Let m be (4 + -16)*(-2)/6. Suppose 0 = -m*x + 54 + 50. Is x composite?
True
Suppose a - 6 = 2*a. Let d(f) = -2*f + 2. Let o be d(a). Let k = o + -1. Is k a composite number?
False
Let h = -9 + 3. Is (h/(-4))/(-3)*-94 composite?
False
Let z(b) be the first derivative of 91*b**3/3 + 1. Is z(1) a prime number?
False
Suppose 0*i = -3*i - 444. Is (i/(-8))/(1/2) a composite number?
False
Let q(x) = 13*x**3 + 7*x**2 - 7*x + 12. Is q(5) composite?
False
Is 2/(-6) - 952/(-12) composite?
False
Let a(j) be the first derivative of -j**4/4 - 2*j**3 + 5*j**2 + 11*j - 2. Is a(-8) prime?
True
Is 622/4 - 3/(-2) a prime number?
True
Suppose 0 = -3*h - x - 6, 4*h + 2*x = 3*x - 8. Let n = h - -7. Suppose -i - n = -72. Is i composite?
False
Let r be 3/((-9)/(-120)) + -1. Let i = r - 16. Is i a prime number?
True
Suppose -l + 970 = 4*l. Suppose l = 3*c - c. Is c a prime number?
True
Let g be 1 + (-3)/6*-4. Suppose 0 = g*z - 0*z. Suppose -3*w + 4*w - 113 = -f, f = z. Is w prime?
True
Suppose -4*x - x = 210. Suppose 2*f - 21 = t, t + 2*f + 18 = f. Let a = t - x. Is a prime?
True
Let g(a) = a**2 - 6*a - 3. Let w be g(7). Suppose -w*o - 1 = -13. Suppose 50 = -r + o*r. Is r prime?
False
Suppose -a + 12*t = 7*t - 236, -2*a + 496 = -2*t. Is a prime?
True
Suppose 0 = 3*q - 6316 + 1933. Is q prime?
False
Let l(m) = m + 1. Let n be l(-4). Let o be 5/3 + n/(-9). Is o/(8/(-14))*-2 a composite number?
False
Let z = -86 - -561. Suppose -x + 6*x - 485 = -3*q, -5*x + z = 5*q. Let p = -45 + x. Is p prime?
False
Let u be 4*-1*(-45)/36. Suppose -u*n + 2752 - 652 = m, -4*m = 3*n - 1277. Is n prime?
True
Let n(t) = 4*t**3 + t**2 + t - 1. Let h be n(2). Suppose p - 3*f - h = 4, 0 = -5*p - 4*f + 281. Is p a composite number?
False
Let z be (-3)/(1/74*-3). Suppose 565 = 3*x - z. Is x composite?
True
Let j = 10 - 7. Suppose -f - j*f = -4608. Is 1/(-5) + f/10 a composite number?
True
Suppose 8*a = a + 20531. Is a composite?
True
Suppose 5*u + 2*h = h - 12, h = 3. Is (318/4)/(u/(-4)) pri